n 23524 is divided by 426.
94
Calculate the remainder when 171753 is divided by 2.
1
Calculate the remainder when 330 is divided by 80.
10
Calculate the remainder when 1130 is divided by 104.
90
Calculate the remainder when 15758 is divided by 153.
152
What is the remainder when 279222 is divided by 75?
72
Calculate the remainder when 1233 is divided by 117.
63
What is the remainder when 95396 is divided by 95389?
7
What is the remainder when 30588 is divided by 30573?
15
What is the remainder when 2353 is divided by 2335?
18
What is the remainder when 300851 is divided by 822?
821
What is the remainder when 2085 is divided by 190?
185
Calculate the remainder when 519 is divided by 88.
79
Calculate the remainder when 6032 is divided by 1172.
172
What is the remainder when 259421 is divided by 109?
1
What is the remainder when 44272 is divided by 22136?
0
What is the remainder when 473 is divided by 350?
123
Calculate the remainder when 9395 is divided by 348.
347
Calculate the remainder when 155478 is divided by 92.
90
What is the remainder when 1402412 is divided by 595?
592
Calculate the remainder when 750214 is divided by 33.
25
Calculate the remainder when 1423322 is divided by 19.
13
Calculate the remainder when 13084 is divided by 6361.
362
Calculate the remainder when 18829 is divided by 18820.
9
Calculate the remainder when 3434 is divided by 1307.
820
Calculate the remainder when 53903 is divided by 9.
2
Calculate the remainder when 505 is divided by 346.
159
What is the remainder when 46325 is divided by 13?
6
Calculate the remainder when 13199 is divided by 41.
38
Calculate the remainder when 49498 is divided by 22.
20
What is the remainder when 4680 is divided by 473?
423
What is the remainder when 13067 is divided by 484?
483
What is the remainder when 241883 is divided by 551?
545
Calculate the remainder when 83766 is divided by 20940.
6
Calculate the remainder when 1443 is divided by 285.
18
Calculate the remainder when 49792 is divided by 2366.
106
What is the remainder when 72754 is divided by 12122?
22
What is the remainder when 7208 is divided by 276?
32
Calculate the remainder when 35325 is divided by 324.
9
What is the remainder when 1892 is divided by 713?
466
Calculate the remainder when 353729 is divided by 130.
129
Calculate the remainder when 99479 is divided by 5847.
80
What is the remainder when 429004 is divided by 22579?
3
What is the remainder when 605437 is divided by 38?
21
Calculate the remainder when 8971 is divided by 2239.
15
Calculate the remainder when 5739 is divided by 641.
611
What is the remainder when 4025 is divided by 202?
187
What is the remainder when 1452822 is divided by 38?
6
Calculate the remainder when 125336 is divided by 31331.
12
What is the remainder when 21274 is divided by 133?
127
What is the remainder when 33933 is divided by 853?
666
What is the remainder when 47251 is divided by 358?
353
Calculate the remainder when 321925 is divided by 19.
8
Calculate the remainder when 132390 is divided by 4.
2
Calculate the remainder when 10818 is divided by 2161.
13
Calculate the remainder when 3459 is divided by 329.
169
What is the remainder when 1599 is divided by 9?
6
Calculate the remainder when 2458 is divided by 164.
162
What is the remainder when 11425 is divided by 381?
376
Calculate the remainder when 1567753 is divided by 1284.
1273
Calculate the remainder when 25415 is divided by 652.
639
What is the remainder when 9851 is divided by 170?
161
Calculate the remainder when 1158 is divided by 380.
18
What is the remainder when 90544 is divided by 1293?
34
What is the remainder when 84529 is divided by 480?
49
Calculate the remainder when 3577 is divided by 393.
40
Calculate the remainder when 8635 is divided by 504.
67
Calculate the remainder when 105378 is divided by 5.
3
Calculate the remainder when 22963 is divided by 1912.
19
What is the remainder when 41063 is divided by 27?
23
What is the remainder when 582 is divided by 11?
10
Calculate the remainder when 2596 is divided by 688.
532
What is the remainder when 36904 is divided by 286?
10
What is the remainder when 10460 is divided by 1697?
278
What is the remainder when 20258 is divided by 4944?
482
What is the remainder when 361567 is divided by 29?
24
What is the remainder when 5338 is divided by 334?
328
Calculate the remainder when 13727 is divided by 4563.
38
Calculate the remainder when 74936 is divided by 18732.
8
Calculate the remainder when 924 is divided by 87.
54
What is the remainder when 8633 is divided by 78?
53
What is the remainder when 4573 is divided by 1272?
757
Calculate the remainder when 12370 is divided by 11.
6
Calculate the remainder when 6756 is divided by 6743.
13
Calculate the remainder when 96505 is divided by 46.
43
Calculate the remainder when 45836 is divided by 48.
44
Calculate the remainder when 38379 is divided by 1376.
1227
What is the remainder when 80478 is divided by 20?
18
What is the remainder when 2560 is divided by 29?
8
Calculate the remainder when 16444 is divided by 588.
568
What is the remainder when 281081 is divided by 140?
101
Calculate the remainder when 28704 is divided by 563.
554
Calculate the remainder when 1877 is divided by 116.
21
What is the remainder when 3007 is divided by 59?
57
Calculate the remainder when 16332 is divided by 514.
398
Calculate the remainder when 1605079 is divided by 20.
19
Calculate the remainder when 697115 is divided by 193.
192
What is the remainder when 5060 is divided by 210?
20
Calculate the remainder when 11027 is divided by 787.
9
Calculate the remainder when 11536 is divided by 3834.
34
Calculate the remainder when 5737 is divided by 89.
41
Calculate the remainder when 7909 is divided by 425.
259
Calculate the remainder when 157585 is divided by 18.
13
What is the remainder when 22339 is divided by 24?
19
Calculate the remainder when 1963 is divided by 1256.
707
What is the remainder when 113083 is divided by 1203?
1
Calculate the remainder when 2199 is divided by 934.
331
Calculate the remainder when 13576 is divided by 1046.
1024
Calculate the remainder when 249809 is divided by 20.
9
Calculate the remainder when 52839 is divided by 1100.
39
What is the remainder when 562844 is divided by 281420?
4
What is the remainder when 5784 is divided by 264?
240
Calculate the remainder when 1838 is divided by 158.
100
What is the remainder when 1224 is divided by 311?
291
Calculate the remainder when 92029 is divided by 36.
13
Calculate the remainder when 598 is divided by 88.
70
Calculate the remainder when 64721 is divided by 469.
468
Calculate the remainder when 68672 is divided by 141.
5
What is the remainder when 214534 is divided by 7?
5
Calculate the remainder when 4786 is divided by 448.
306
What is the remainder when 271613 is divided by 28?
13
Calculate the remainder when 16548 is divided by 59.
28
Calculate the remainder when 6539 is divided by 503.
0
What is the remainder when 32353 is divided by 6459?
58
What is the remainder when 299157 is divided by 149573?
11
Calculate the remainder when 29444 is divided by 29420.
24
Calculate the remainder when 39356 is divided by 64.
60
Calculate the remainder when 226552 is divided by 35.
32
Calculate the remainder when 18731 is divided by 939.
890
Calculate the remainder when 134775 is divided by 8.
7
Calculate the remainder when 7161 is divided by 3534.
93
What is the remainder when 36153 is divided by 168?
33
What is the remainder when 3001 is divided by 992?
25
Calculate the remainder when 584304 is divided by 146074.
8
What is the remainder when 66411 is divided by 28?
23
Calculate the remainder when 25063 is divided by 96.
7
Calculate the remainder when 235552 is divided by 222.
10
What is the remainder when 1466536 is divided by 48?
40
What is the remainder when 188236 is divided by 229?
227
What is the remainder when 47397 is divided by 76?
49
What is the remainder when 9472 is divided by 4727?
18
Calculate the remainder when 366951 is divided by 45866.
23
Calculate the remainder when 15174 is divided by 2124.
306
Calculate the remainder when 9466 is divided by 13.
2
Calculate the remainder when 4808 is divided by 43.
35
Calculate the remainder when 5989 is divided by 55.
49
Calculat